{"id":4908,"date":"2020-01-09T02:01:21","date_gmt":"2020-01-09T02:01:21","guid":{"rendered":"https:\/\/www.mathletics.com\/us\/?page_id=4908"},"modified":"2022-03-25T01:23:55","modified_gmt":"2022-03-25T01:23:55","slug":"create-account","status":"publish","type":"page","link":"https:\/\/www.mathletics.com\/latam\/for-schools\/free-trial\/create-account\/","title":{"rendered":"Create your account | Free Trial | For Schools | Mathletics"},"content":{"rendered":"<div class=\"fusion-fullwidth fullwidth-box fusion-builder-row-1 gradient-blue nonhundred-percent-fullwidth non-hundred-percent-height-scrolling fusion-equal-height-columns\" style=\"background-color: rgba(255,255,255,0);background-position: center center;background-repeat: no-repeat;padding-top:0%;padding-right:5%;padding-bottom:0%;padding-left:5%;margin-bottom: 0px;margin-top: 0px;border-width: 0px 0px 0px 0px;border-color:#eae9e9;border-style:solid;\" ><div class=\"fusion-builder-row fusion-row\"><div class=\"fusion-layout-column fusion_builder_column fusion-builder-column-0 fusion_builder_column_1_2 1_2 fusion-one-half fusion-column-first\" style=\"width:50%;width:calc(50% - ( ( 4% ) * 0.5 ) );margin-right: 4%;margin-top:0%;margin-bottom:0%;\"><div class=\"fusion-column-wrapper fusion-flex-column-wrapper-legacy\" style=\"background-position:left top;background-repeat:no-repeat;-webkit-background-size:cover;-moz-background-size:cover;-o-background-size:cover;background-size:cover;padding: 0px 0px 0px 0px;\"><div class=\"fusion-sep-clear\"><\/div><div class=\"fusion-separator fusion-full-width-sep\" style=\"margin-left: auto;margin-right: auto;margin-top:2em;margin-bottom:2em;width:100%;\"><\/div><div class=\"fusion-sep-clear\"><\/div><div class=\"imageframe-align-center\"><span class=\" fusion-imageframe imageframe-none imageframe-1 hover-type-none\" style=\"max-width:250px;\"><img width=\"346\" height=\"355\" title=\"mathletics-email-verified-355px_OP\" src=\"\/wp-content\/uploads\/sites\/36\/mathletics-email-verified-355px_OP.png\" data-orig-src=\"https:\/\/assets-homepages.3plearning.net\/wp-content\/uploads\/sites\/36\/mathletics-email-verified-355px_OP.png\" alt class=\"lazyload img-responsive wp-image-5621\" srcset=\"data:image\/svg+xml,%3Csvg%20xmlns%3D%27http%3A%2F%2Fwww.w3.org%2F2000%2Fsvg%27%20width%3D%27346%27%20height%3D%27355%27%20viewBox%3D%270%200%20346%20355%27%3E%3Crect%20width%3D%27346%27%20height%3D%27355%27%20fill-opacity%3D%220%22%2F%3E%3C%2Fsvg%3E\" data-srcset=\"\/wp-content\/uploads\/sites\/36\/mathletics-email-verified-355px_OP-200x205.png 200w, \/wp-content\/uploads\/sites\/36\/mathletics-email-verified-355px_OP.png 346w\" data-sizes=\"auto\" data-orig-sizes=\"(max-width: 768px) 100vw, 346px\" \/><\/span><\/div><style type=\"text\/css\"><\/style><div class=\"fusion-title title fusion-title-1 fusion-sep-none fusion-title-text fusion-title-size-one fusion-title-default-margin\" style=\"margin-right:0px;margin-left:0px; margin-top:0px; margin-bottom:0px\"><h1 class=\"title-heading-left fusion-responsive-typography-calculated\" style=\"text-transform:none;color:#eef2f5;--fontSize:45.78;line-height:1;\">\u00a1Perfecto! Su correo ha sido verificado.<\/h1><\/div><div class=\"fusion-text fusion-text-1 text-white\"><p>Creemos su cuenta de Mathletics\/D\u00eda Mundial de las Matem\u00e1ticas. Para ayudarle a personalizar su experiencia, quisi\u00e9ramos saber algo m\u00e1s sobre usted\u2026<\/p>\n<\/div><div class=\"fusion-clearfix\"><\/div><\/div><\/div><div class=\"fusion-layout-column fusion_builder_column fusion-builder-column-1 fusion_builder_column_1_2 1_2 fusion-one-half fusion-column-last\" style=\"width:50%;width:calc(50% - ( ( 4% ) * 0.5 ) );margin-top:0%;margin-bottom:0%;\"><div class=\"fusion-column-wrapper fusion-flex-column-wrapper-legacy\" style=\"background-position:left top;background-repeat:no-repeat;-webkit-background-size:cover;-moz-background-size:cover;-o-background-size:cover;background-size:cover;background-color:#ffffff;padding: 40px 40px 40px 40px;\"><style type=\"text\/css\"><\/style><div class=\"fusion-title title fusion-title-2 fusion-sep-none fusion-title-text fusion-title-size-three fusion-title-default-margin\" style=\"margin-right:0px;margin-left:0px; margin-top:0px; margin-bottom:0px\"><h3 class=\"title-heading-left fusion-responsive-typography-calculated\" style=\"text-transform:none;color:#1981c4;--fontSize:29.295;line-height:1;\">Cree su cuenta<\/h3><\/div><div id=\"form\"><\/div>\n<base target=\"_parent\"> \n<script type='text\/javascript'>\njQuery(document).ready(function(){\n  jQuery(\"#form\").html('<object id=\"form-redirct\" data=\"https:\/\/pages.my.3plearning.com\/at_esp-f2\/?pid=Mathletics&cid=7012y000000Y4i7AAC \">');\n  jQuery(\"object\").height(\"820px\");\n  jQuery(\"object\").width(\"100%\");\n});\n<\/script>\n\n \n\n\n<script>\n  jQuery(document).ready(function(){\n\n \n\n        \/\/ 2 Part - Add tags to Iframe URL\n      let iframeEl = document.getElementById('form-redirct');\n\n \n\n      let replaced = false;\n      if ( ! iframeEl ) {\n       return;\n       }\n        iframeEl.addEventListener('load', function() {\n         let urlParams = new URLSearchParams(window.location.search);\n\n \n\n                     let id = urlParams.get('id'); \n                     let utm_medium = urlParams.get('utm_medium');\n                     let utm_content = urlParams.get('utm_content');\n                     let utm_campaign = urlParams.get('utm_campaign');            \n                     let utm_term = urlParams.get('utm_term');\n                     let utm_source = urlParams.get('utm_source');    \n                     let eid = urlParams.get('eid');  \n                     let cid = urlParams.get('cid'); \n\n \n\n\n            if (!replaced ) {\n            let iframeEl = jQuery('#form-redirct');\n            if ( ! iframeEl ) {\n            return;\n            }\n\n \n\n            let url = iframeEl.attr('data');\n              \n             if ( id ) {\n               url = url + '&id=' + id;\n            }      \n            if ( cid ) {\n               url = url + '&cid=' + cid;\n            }    \n\n \n\n            if ( utm_medium ) {\n               url = url + '&utm_medium=' + utm_medium;\n            }                \n                \n            if ( utm_content ) {\n               url = url + '&utm_content=' + utm_content;\n            }\n                \n            if ( utm_campaign ) {\n               url = url + '&utm_campaign=' + utm_campaign;\n            }\n                \n            if ( utm_term ) {\n               url = url + '&utm_term=' + utm_term;\n            }\n\n \n\n            if ( utm_source ) {\n               url = url + '&utm_source=' + utm_source;\n            }\n\n \n\n            if ( eid ) {\n               url = url + '&eid=' + eid;\n            }    \n\n \n\n            iframeEl.attr( 'data', url );\n\n \n\n            replaced = true;\n            }\n      });\n   });\n<\/script><div class=\"fusion-clearfix\"><\/div><\/div><\/div><\/div><\/div>\n","protected":false},"excerpt":{"rendered":"","protected":false},"author":20,"featured_media":0,"parent":153,"menu_order":0,"comment_status":"closed","ping_status":"closed","template":"100-width.php","meta":[],"acf":[],"yoast_head":"<!-- This site is optimized with the Yoast SEO plugin v20.3 - https:\/\/yoast.com\/wordpress\/plugins\/seo\/ -->\r\n<title>Crear su cuenta | Prueba Gratis | Para Escuelas | Mathletics<\/title>\r\n<meta name=\"robots\" content=\"index, follow, max-snippet:-1, max-image-preview:large, max-video-preview:-1\" \/>\r\n<link rel=\"canonical\" href=\"https:\/\/www.mathletics.com\/latam\/for-schools\/free-trial\/create-account\/\" \/>\r\n<meta property=\"og:locale\" content=\"en_US\" \/>\r\n<meta property=\"og:type\" content=\"article\" \/>\r\n<meta property=\"og:title\" content=\"Crear su cuenta | Prueba Gratis | Para Escuelas | Mathletics\" \/>\r\n<meta property=\"og:url\" content=\"https:\/\/www.mathletics.com\/latam\/for-schools\/free-trial\/create-account\/\" \/>\r\n<meta property=\"og:site_name\" content=\"Mathletics Latin America\" \/>\r\n<meta property=\"article:modified_time\" content=\"2022-03-25T01:23:55+00:00\" \/>\r\n<meta name=\"twitter:card\" content=\"summary_large_image\" \/>\r\n<meta name=\"twitter:label1\" content=\"Est. reading time\" \/>\n\t<meta name=\"twitter:data1\" content=\"4 minutes\" \/>\r\n<script type=\"application\/ld+json\" class=\"yoast-schema-graph\">{\"@context\":\"https:\/\/schema.org\",\"@graph\":[{\"@type\":\"WebPage\",\"@id\":\"https:\/\/www.mathletics.com\/latam\/for-schools\/free-trial\/create-account\/\",\"url\":\"https:\/\/www.mathletics.com\/latam\/for-schools\/free-trial\/create-account\/\",\"name\":\"Crear su cuenta | Prueba Gratis | Para Escuelas | Mathletics\",\"isPartOf\":{\"@id\":\"https:\/\/www.mathletics.com\/latam\/#website\"},\"datePublished\":\"2020-01-09T02:01:21+00:00\",\"dateModified\":\"2022-03-25T01:23:55+00:00\",\"breadcrumb\":{\"@id\":\"https:\/\/www.mathletics.com\/latam\/for-schools\/free-trial\/create-account\/#breadcrumb\"},\"inLanguage\":\"en-US\",\"potentialAction\":[{\"@type\":\"ReadAction\",\"target\":[\"https:\/\/www.mathletics.com\/latam\/for-schools\/free-trial\/create-account\/\"]}]},{\"@type\":\"BreadcrumbList\",\"@id\":\"https:\/\/www.mathletics.com\/latam\/for-schools\/free-trial\/create-account\/#breadcrumb\",\"itemListElement\":[{\"@type\":\"ListItem\",\"position\":1,\"name\":\"Home\",\"item\":\"https:\/\/www.mathletics.com\/latam\/\"},{\"@type\":\"ListItem\",\"position\":2,\"name\":\"For Schools LATAM\",\"item\":\"https:\/\/www.mathletics.com\/latam\/for-schools\/\"},{\"@type\":\"ListItem\",\"position\":3,\"name\":\"Free Trial for Schools\",\"item\":\"https:\/\/www.mathletics.com\/latam\/for-schools\/free-trial\/\"},{\"@type\":\"ListItem\",\"position\":4,\"name\":\"Create your account | Free Trial | For Schools | Mathletics\"}]},{\"@type\":\"WebSite\",\"@id\":\"https:\/\/www.mathletics.com\/latam\/#website\",\"url\":\"https:\/\/www.mathletics.com\/latam\/\",\"name\":\"Mathletics Latin America\",\"description\":\"Empowering Maths Learning Online\",\"potentialAction\":[{\"@type\":\"SearchAction\",\"target\":{\"@type\":\"EntryPoint\",\"urlTemplate\":\"https:\/\/www.mathletics.com\/latam\/?s={search_term_string}\"},\"query-input\":\"required name=search_term_string\"}],\"inLanguage\":\"en-US\"}]}<\/script>\r\n<!-- \/ Yoast SEO plugin. -->","yoast_head_json":{"title":"Crear su cuenta | Prueba Gratis | Para Escuelas | Mathletics","robots":{"index":"index","follow":"follow","max-snippet":"max-snippet:-1","max-image-preview":"max-image-preview:large","max-video-preview":"max-video-preview:-1"},"canonical":"https:\/\/www.mathletics.com\/latam\/for-schools\/free-trial\/create-account\/","og_locale":"en_US","og_type":"article","og_title":"Crear su cuenta | Prueba Gratis | Para Escuelas | Mathletics","og_url":"https:\/\/www.mathletics.com\/latam\/for-schools\/free-trial\/create-account\/","og_site_name":"Mathletics Latin America","article_modified_time":"2022-03-25T01:23:55+00:00","twitter_card":"summary_large_image","twitter_misc":{"Est. reading time":"4 minutes"},"schema":{"@context":"https:\/\/schema.org","@graph":[{"@type":"WebPage","@id":"https:\/\/www.mathletics.com\/latam\/for-schools\/free-trial\/create-account\/","url":"https:\/\/www.mathletics.com\/latam\/for-schools\/free-trial\/create-account\/","name":"Crear su cuenta | Prueba Gratis | Para Escuelas | Mathletics","isPartOf":{"@id":"https:\/\/www.mathletics.com\/latam\/#website"},"datePublished":"2020-01-09T02:01:21+00:00","dateModified":"2022-03-25T01:23:55+00:00","breadcrumb":{"@id":"https:\/\/www.mathletics.com\/latam\/for-schools\/free-trial\/create-account\/#breadcrumb"},"inLanguage":"en-US","potentialAction":[{"@type":"ReadAction","target":["https:\/\/www.mathletics.com\/latam\/for-schools\/free-trial\/create-account\/"]}]},{"@type":"BreadcrumbList","@id":"https:\/\/www.mathletics.com\/latam\/for-schools\/free-trial\/create-account\/#breadcrumb","itemListElement":[{"@type":"ListItem","position":1,"name":"Home","item":"https:\/\/www.mathletics.com\/latam\/"},{"@type":"ListItem","position":2,"name":"For Schools LATAM","item":"https:\/\/www.mathletics.com\/latam\/for-schools\/"},{"@type":"ListItem","position":3,"name":"Free Trial for Schools","item":"https:\/\/www.mathletics.com\/latam\/for-schools\/free-trial\/"},{"@type":"ListItem","position":4,"name":"Create your account | Free Trial | For Schools | Mathletics"}]},{"@type":"WebSite","@id":"https:\/\/www.mathletics.com\/latam\/#website","url":"https:\/\/www.mathletics.com\/latam\/","name":"Mathletics Latin America","description":"Empowering Maths Learning Online","potentialAction":[{"@type":"SearchAction","target":{"@type":"EntryPoint","urlTemplate":"https:\/\/www.mathletics.com\/latam\/?s={search_term_string}"},"query-input":"required name=search_term_string"}],"inLanguage":"en-US"}]}},"_links":{"self":[{"href":"https:\/\/www.mathletics.com\/latam\/wp-json\/wp\/v2\/pages\/4908"}],"collection":[{"href":"https:\/\/www.mathletics.com\/latam\/wp-json\/wp\/v2\/pages"}],"about":[{"href":"https:\/\/www.mathletics.com\/latam\/wp-json\/wp\/v2\/types\/page"}],"author":[{"embeddable":true,"href":"https:\/\/www.mathletics.com\/latam\/wp-json\/wp\/v2\/users\/20"}],"replies":[{"embeddable":true,"href":"https:\/\/www.mathletics.com\/latam\/wp-json\/wp\/v2\/comments?post=4908"}],"version-history":[{"count":3,"href":"https:\/\/www.mathletics.com\/latam\/wp-json\/wp\/v2\/pages\/4908\/revisions"}],"predecessor-version":[{"id":5622,"href":"https:\/\/www.mathletics.com\/latam\/wp-json\/wp\/v2\/pages\/4908\/revisions\/5622"}],"up":[{"embeddable":true,"href":"https:\/\/www.mathletics.com\/latam\/wp-json\/wp\/v2\/pages\/153"}],"wp:attachment":[{"href":"https:\/\/www.mathletics.com\/latam\/wp-json\/wp\/v2\/media?parent=4908"}],"curies":[{"name":"wp","href":"https:\/\/api.w.org\/{rel}","templated":true}]}}